 h - 5*v - a = 12. What is the greatest common factor of h and 30?
10
Let n be 19/(2 + (-82)/40). Let a(g) = -4*g**3 + 5*g**2 + 5*g - 4. Let v be a(4). Let x = v - n. What is the greatest common divisor of x and 20?
20
Suppose -8*h = -h + 21. Let u(n) = -2*n**3 - 6*n**2 - 4*n + 4. Let m be u(h). What is the greatest common factor of m and 144?
16
Let j be (-1)/(-20)*4 + (-147)/(-15). Suppose -j*o - 99 = -13*o. What is the greatest common factor of 3 and o?
3
Let m be (2 + 2)/(-4) + 1573. Let n be m/72 - (-1)/6. What is the greatest common divisor of 11 and n?
11
Let w(y) = y**3 - 7*y**2 + 6*y - 5. Let b be w(6). Let t(r) = -2*r**3 - 9*r**2 - 8*r. Let k be t(b). What is the highest common divisor of k and 26?
13
Suppose 34*w - 398 = 1642. What is the greatest common divisor of w and 96?
12
Suppose -238*t - 170 = -243*t. Calculate the highest common divisor of t and 153.
17
Let v = 81 + -57. Calculate the highest common factor of v and 372.
12
Let w(z) = z - 1. Let r be w(11). Let y be (-16)/r*25/(-2). Suppose i - y = -4*f, f + 4*f = 3*i + 25. Calculate the greatest common factor of f and 40.
5
Suppose -1 - 3 = -4*a. Suppose -5*v + 32 = -13. Let t = v + -5. Calculate the highest common divisor of t and a.
1
Let x(d) = 2*d**2 - 16*d - 16. Let g be x(-2). Suppose 0*a = -3*a + 24. Calculate the greatest common divisor of g and a.
8
Suppose -8*w - 1125 = -17*w. Let i = -100 + w. Calculate the highest common factor of i and 50.
25
Let c be 5/((-10)/(-6)) + 151/1. Calculate the highest common divisor of c and 88.
22
Suppose 3 = 3*s - 3. Suppose -5*l + 8 = -l. Suppose -4 + s = -l*y. Calculate the greatest common divisor of 1 and y.
1
Suppose 0 = 138*y - 145*y + 1029. Calculate the greatest common factor of 637 and y.
49
Let v = -52 + 60. Suppose 72 = -0*r + v*r. What is the greatest common factor of r and 36?
9
Suppose -3*b + 4*w = -110, 4*w + 170 = 5*b - 0*b. What is the greatest common factor of b and 66?
6
Suppose 0 = -2*l - 2*l + 28. Let i(f) = -l - 55*f + 50*f - 4. Let v be i(-7). What is the highest common factor of v and 96?
24
Let o be (8/3)/((-4)/(-6)). Suppose -5*t - 2*y = -t - 42, o*y - 51 = -5*t. Suppose -2*d + 25 = -t. What is the greatest common factor of d and 6?
6
Let k be 2/6*-3 - -78. Suppose 5*n = k + 3. Calculate the highest common divisor of 288 and n.
16
Let z(c) = c**2 - 13*c + 16. Let b be z(14). What is the highest common divisor of 33 and b?
3
Suppose -b = b - 20. Let v be (-1 + -1)*b*(-2)/2. What is the highest common factor of v and 100?
20
Let s be ((-3692)/(-71))/(2/10). What is the greatest common factor of s and 65?
65
Suppose 0 = 11*z - 13*z + 42. Suppose -20*l = -z*l + 21. Calculate the greatest common factor of l and 7.
7
Let g be (-10)/(-1) - (2 + -2). Let n(z) = 3*z**2 + 26*z + 88. Let r be n(-6). Calculate the greatest common divisor of g and r.
10
Let k(f) = -f**3 + 8*f**2 - 3*f. Let p be k(5). Let r = 175 - 145. Calculate the greatest common factor of p and r.
30
Let l be 24/108 + (-115)/(-9). Let j = l + 14. What is the greatest common divisor of 81 and j?
27
Suppose -2*i = -10, -2*i + 521 = 5*r - 534. Calculate the highest common factor of r and 11.
11
Suppose 12 + 6 = 2*p - 4*n, p + 5*n = 2. Suppose l = -c + 22, -3*l = c - 7 - p. Let z = -14 + c. What is the highest common divisor of 84 and z?
12
Let h(j) = -23*j**3 + 4*j + 4. Let f be h(-1). Calculate the highest common factor of 437 and f.
23
Let n(c) = c + 2. Let z be n(5). Suppose -3*i + z*i = 40. Let f be (i/5)/((-2)/(-110)). What is the greatest common divisor of f and 22?
22
Let s = 184 + -88. Let h = -93 + 125. Calculate the greatest common divisor of s and h.
32
Let c be (28/(-12))/(2/(-60)). Let u = 46 + -18. What is the highest common factor of u and c?
14
Let l = 0 - 7. Let b = -5 - l. Let x(j) = 22*j + 2. Let f be x(b). What is the highest common factor of 115 and f?
23
Let k = -19 + 34. Suppose -k*a - 3 = -16*a. Calculate the highest common factor of 15 and a.
3
Let a = 71 - 62. Suppose -392 = -a*f + 1624. Suppose -4*o = 4*j - 100, 2*j = -5*o + 36 + 5. What is the greatest common factor of j and f?
28
Let r(w) = w**2 - 25*w - 222. Let m be r(-10). What is the highest common divisor of 10 and m?
2
Let p(y) = -8*y - 4. Let d = 11 - 13. Let l be p(d). What is the highest common factor of l and 36?
12
Let l = 130 - 122. What is the greatest common divisor of l and 7?
1
Let g(n) = 2*n**2 - 12*n + 20. Let l be g(4). What is the highest common divisor of l and 52?
4
Let u be ((-9)/(-18))/((-1)/(-24)). Let y be 63 + (0 - 1)*3. What is the highest common factor of u and y?
12
Let s = -167 - -244. Suppose -3*k - 13*a + 14*a + 21 = 0, k = 4*a + 7. Calculate the greatest common factor of s and k.
7
Let k = -432 + 442. What is the greatest common divisor of k and 110?
10
Let n(d) = d**3 - 3*d**2 + 4*d - 1. Let x be n(2). Calculate the greatest common divisor of 81 and x.
3
Let n = 946 + -926. What is the highest common factor of n and 16?
4
Let x(j) = j**2 - 17*j - 4. Let p be x(19). Let g = 809 - 537. Calculate the greatest common divisor of g and p.
34
Suppose 410*d - 359*d = 30090. Calculate the highest common factor of d and 80.
10
Let b(f) = -5*f + 3. Let j be b(-4). Let s(p) = p**3 + 13*p**2 - p - 14. Let v be s(-6). Suppose -10*x - 14 = -v. What is the highest common factor of j and x?
23
Suppose -24*c = 9*c - 693. Let w(z) = 5*z**2 + 2*z - 3. Let a be w(6). Calculate the highest common divisor of c and a.
21
Suppose -2*l + 2*p + 48 = 6*p, 5*l - 120 = p. Suppose -50 = -4*n - 3*c + 250, 2*n + 4*c = 160. Calculate the greatest common factor of n and l.
24
Let b(i) = 3*i + 6. Let j be b(6). Let z = -189 + 193. Suppose 3*v - 5*v + 3*a = -48, -z*a = v - j. Calculate the highest common factor of v and 6.
6
Let l = -168 - -209. What is the highest common factor of l and 164?
41
Suppose -348 + 88 = -26*p. What is the highest common divisor of p and 10?
10
Let j = 26 + -33. Let p be (j + 6)/(2*2/(-20)). Calculate the highest common factor of 45 and p.
5
Let h(v) be the first derivative of v**4/4 + 26*v**3/3 + 11*v**2 + 3*v + 33. Let a be h(-25). Calculate the highest common factor of a and 39.
39
Let p(t) be the third derivative of t**4/12 + t**3/2 - 9*t**2. Let i be p(7). What is the highest common factor of i and 68?
17
Suppose 5*p - 25*q = -21*q + 61, -p + 14 = q. Suppose -2*o + 147 = -87. What is the highest common factor of o and p?
13
Let f = 1219 - 1211. What is the highest common factor of f and 2?
2
Suppose -74 - 58 = -4*a. Suppose 240 + 409 = 59*p. Calculate the highest common divisor of p and a.
11
Suppose 0 = -4*c + 3*h + 39, 2*h = -2*c + 30 - 0. Suppose -2*v + 332 + 316 = 0. What is the greatest common factor of v and c?
12
Let h be (6/(-10))/((-79)/4740). Calculate the highest common divisor of h and 477.
9
Let g(f) = -f + 1. Let k be g(-4). Suppose n - 67 = -4*d - 4*n, 5*d - 4*n = 135. Suppose 22 + d = 3*u. What is the highest common factor of k and u?
5
Let y = 59 - 59. Suppose y = 2*a - 88 - 0. Calculate the highest common divisor of a and 11.
11
Let t(l) be the third derivative of -7*l**4/24 - 11*l**3/6 - 25*l**2. Let k be t(-5). Calculate the highest common divisor of k and 60.
12
Let t = 13 + -7. Let r = t + 5. Let q be 12/(-3)*(-297)/27. What is the highest common factor of r and q?
11
Let u be 2760/4 + -2 - (-1 - 0). What is the highest common divisor of 39 and u?
13
Let h(z) = 17*z**2 - 2*z - 1. Let d be h(-1). Suppose 3*l - 114 = -2*u, -2*u - 85 + 271 = 5*l. What is the highest common divisor of l and d?
18
Let r = 419 - 418. Let g = -4 - -8. What is the greatest common divisor of g and r?
1
Let m be 2 + 5 - 1*3. Let p be m*(81/6 + 0). Suppose -131 + p = -y. What is the greatest common divisor of y and 11?
11
Let v(u) = 6*u**2 - 31*u - 22. Let n be v(8). What is the highest common divisor of 627 and n?
57
Suppose -6*b = -9*b + 15. Let j be 6/b*5/2. Suppose 14 + 6 = -4*z, 0 = j*n + 2*z - 50. What is the highest common divisor of n and 20?
20
Let n(y) = 142*y**3 + 2*y**2 - 1. Let v be n(1). Let m = v - 52. Calculate the greatest common factor of m and 7.
7
Let g = -661 - -698. What is the highest common divisor of g and 481?
37
Suppose -85*f = -93*f + 440. Let n = -22 - -44. What is the greatest common divisor of n and f?
11
Let s = 2